w**2 + 3*w - 4. Let q be k(3). Let n be q/(-18) + 4/(-18). Let x = -149 + n. List the prime factors of x.
3, 23
Suppose -93 = -12*i - 33. Suppose 4*x - 3015 = -5*g - x, 2*g - 1215 = -i*x. List the prime factors of g.
2, 3, 5
Let b = 1908 + -1333. Let l = 936 - b. What are the prime factors of l?
19
Suppose 1744 = 63*v - 55*v. Let t = 93 + v. List the prime factors of t.
311
Let y(b) = -b**2 - 177*b - 393. List the prime factors of y(-83).
31, 239
Let x be (306/15 + 0)*7070/21. Suppose 6*k + x = 40*k. What are the prime factors of k?
2, 101
List the prime factors of (549/5)/(227/2270).
2, 3, 61
Let g(u) = -2*u**3 + 67*u**2 - 53*u - 105. List the prime factors of g(32).
31, 41
Let w be (-30)/2*-2 - 5. Suppose o - w = 27. List the prime factors of o.
2, 13
Let i(p) be the first derivative of -p**2/2 + 2*p + 6. Let s be i(-3). Suppose -o - 2*z = -z - s, 2*z - 6 = -o. What are the prime factors of o?
2
Suppose 6*h - 25 = h. Suppose h*a + 3*n = 1196, -11*a - 4*n = -6*a - 1198. What are the prime factors of a?
2, 7, 17
Let j(g) = 781*g - 3461. List the prime factors of j(33).
2, 2789
Suppose -2*r + 2*s - 80 = 0, 3*s = -3*r - 0*s - 96. What are the prime factors of r/(-342) - (-60758)/38?
3, 13, 41
Let d(c) = -3*c - 30. Let y be d(-11). Suppose -3*a + 42 = y*u - 0*a, -3*u + 2*a + 42 = 0. Suppose -2*s = u*s - 2240. List the prime factors of s.
2, 5, 7
Let u(r) = 35*r**2 + 18*r - 6. List the prime factors of u(7).
5, 367
Suppose 175*v - 4*t - 8502 = 173*v, t + 21237 = 5*v. List the prime factors of v.
31, 137
Suppose -7*n + 11*n - 2376 = 0. Suppose 4*j - n = 638. What are the prime factors of j?
2, 7, 11
Let z(u) = 4*u**2 - 10*u + 110. Suppose 14*o = 147 + 105. List the prime factors of z(o).
2, 613
Suppose 0 = t - 123 + 22. Let h = t + -68. What are the prime factors of h?
3, 11
Suppose 0 = 4*v + 5*n - 187612, 0 = -3*v - 3*n + 63051 + 77652. List the prime factors of v.
3, 7, 11, 29
Suppose w = 4*h - 6*h - 5, -5*h - 45 = -4*w. Suppose 2*i = r - 316 + 41, w*r = 2*i + 1415. List the prime factors of r.
3, 5, 19
Suppose 5*a = 4*i + 36, 3*a - 4*i = 29 - 1. Suppose 0 = -l + 4*p + 488, -7*p - 1446 = -3*l - a*p. List the prime factors of l.
2, 3, 5
Let f be (-6)/27 - (-5)/(135/114). Suppose -f*i = -3*i - 400. What are the prime factors of i?
2, 5
Let s(j) be the second derivative of 112*j**3 - 8*j**2 - 149*j. What are the prime factors of s(2)?
2, 83
Let i = -44745 + 104427. List the prime factors of i.
2, 3, 7, 29
Suppose -3*o + 5*t - 55 = 2*o, -4*o + 3*t = 39. What are the prime factors of (-1)/o - 3736/(-48)?
2, 3, 13
Let b = -27616 + 32542. What are the prime factors of b?
2, 3, 821
Let o be (2/2)/((-3)/(-753)). Let b = o + -103. What are the prime factors of b?
2, 37
Let d = -103 + 114. Suppose -d*c + 1076 = -3896. What are the prime factors of c?
2, 113
Let z(g) = g**3 - 1. Let q(a) = -3*a**3 + 16*a**2 - 17*a + 41. Let p(m) = q(m) + 2*z(m). List the prime factors of p(14).
193
List the prime factors of (42/10)/(3/13830).
2, 3, 7, 461
Let w = 74551 + -50432. List the prime factors of w.
89, 271
Suppose -5*g = -209 - 41. Suppose q = -14 + g. Suppose -6*d = -8*d + q. What are the prime factors of d?
2, 3
Let z(j) = -3*j**3 - 3*j**2 - 13*j - 19. Let s(d) = 40*d - 7. Let r be s(0). What are the prime factors of z(r)?
2, 3, 53
Let o be (15/6)/(6/16776*6). Suppose 5*h - 5*p - o = -p, -2*h + 463 = -p. Suppose -2*t + n + h = 0, -t + 6*t + 2*n = 595. List the prime factors of t.
3, 13
Let i(m) = m**2 - 9*m + 16. Let a(v) = v**2 - v - 1. Let p(b) = 6*a(b) + i(b). Let z(y) be the first derivative of p(y). What are the prime factors of z(10)?
5
Let g(d) = -9067*d**3 + d**2 + 6*d + 6. List the prime factors of g(-1).
2, 2267
Suppose l = -4*m + 46978, -4*l + 3*l + 46971 = 3*m. What are the prime factors of l?
2, 3, 5, 313
Let r be ((-2)/(-7))/((-2)/(-14)). Suppose 5*m = -r*z + 4*z - 471, 4*m + 4*z = -360. Let d = -11 - m. What are the prime factors of d?
2, 41
Let s = -3822 + 10684. What are the prime factors of s?
2, 47, 73
Let j be (3 - -5)*(-1146)/(-12). Let r = -533 + j. Suppose 7*l = -4*l + r. List the prime factors of l.
3, 7
Let v(t) = -t**2 + 14*t + 9. Let b be v(15). Let o be b/(-8)*352/66. What are the prime factors of 1/3 - (o - (-2500)/(-15))?
163
Suppose 0 = 3*f - 3*w - 9, -3*f + 17 = 4*w - 27. Let m(a) = 4*a**2 - 6*a - 3. List the prime factors of m(f).
5, 41
Let b(t) be the first derivative of t**4/4 + 2*t**3/3 - 20*t**2 + 3*t + 233. List the prime factors of b(-6).
3, 11
Let q = 1247 + -578. Let l = -277 + q. List the prime factors of l.
2, 7
Let g = -46 + 37. Let q be 681/2 + (5 - g/(-2)). Let i = 594 - q. What are the prime factors of i?
11, 23
Suppose -23*d = -52 - 40. Suppose 2504 = d*c - 3*v, -5*c + 3165 = -3*v + 8*v. List the prime factors of c.
17, 37
Let l(v) = -11*v + 77. Suppose 5*z + 0*p + 13 = p, -5*z - 23 = 4*p. Let x(n) = 5*n - 39. Let c(h) = z*l(h) - 5*x(h). List the prime factors of c(17).
2, 5
Let f = 11 + -7. Let u(i) = -22*i - 90. Let g be u(-8). Suppose -f*q - g = -6*q. What are the prime factors of q?
43
Suppose -k - m = -3*k + 5205, -7795 = -3*k + 4*m. List the prime factors of k.
5, 521
Suppose 11*m - 553 = 866. Suppose -g = m - 730. What are the prime factors of g?
601
Suppose -221 = 4*t - 249. Suppose -5*m + 2*c = -1222, -6*c + 245 = m - t*c. What are the prime factors of m?
2, 61
Suppose -2*k + 4*k - i - 53 = 0, -i - 77 = -3*k. Suppose 2*m - 19*p - 3015 = -k*p, -3*p + 4500 = 3*m. What are the prime factors of m?
5, 13, 23
Let c = -469 - -1068. Suppose -18*b - 59 = -c. List the prime factors of b.
2, 3, 5
Let j = -8788 - -13728. Suppose 0 = -3*x + 13*x - j. What are the prime factors of x?
2, 13, 19
Suppose -55*r - 124616 + 230384 = -231272. List the prime factors of r.
2, 383
Let t be ((-20)/(-8))/((-2)/(-4)). Let z be (-174)/t - (-5)/(-25). Let u = 45 + z. List the prime factors of u.
2, 5
List the prime factors of (-6)/15 - (-152608)/95*6.
2, 61, 79
Suppose 2*i + k = 2390, -4261 = 5*i - k - 10243. What are the prime factors of i?
2, 13, 23
Suppose -q + 4717 = 2*d - 20058, -3*q + 4*d + 74265 = 0. What are the prime factors of q?
24763
Let u(n) = -65*n + 176. Let b be u(-31). Let t = b + -1082. List the prime factors of t.
1109
Let a = 773 - 93. Suppose -5*m + 13 = j, -2*m + 7 = 3*j - 2*j. Suppose a = j*x + 149. List the prime factors of x.
3, 59
Suppose -g + 4*g = -288. Let k = g + 95. List the prime factors of k*(2 - -8)*(-34)/4.
5, 17
Let w(s) = -2*s**2 - 20*s - 28. Let c be w(-8). Let n(v) = -v - 1. Let b be n(-1). Suppose c*u - 56 = -b*u. List the prime factors of u.
2, 7
Let z(x) = 4*x**3 + x**2 + 2*x + 1. Let f be z(-1). Let h = -133 - -177. List the prime factors of (-1)/((f - 0)/h).
11
Let k = 42 + -36. Let o be (-4)/k*1*-87. Let f = 72 - o. List the prime factors of f.
2, 7
Suppose -200*d - 595350 = -263*d. List the prime factors of d.
2, 3, 5, 7
Let a(k) = 166*k + 464. What are the prime factors of a(24)?
2, 139
Let d(l) = 46*l**2 - 9*l - 19. Let f be d(13). Suppose 0 = -37*c + 18*c + f. What are the prime factors of c?
2, 3, 67
Let s = 35954 - 16764. List the prime factors of s.
2, 5, 19, 101
Suppose 0 = -l + 4*w + 35014, -2*w = -l + 43664 - 8650. What are the prime factors of l?
2, 7, 41, 61
Suppose -21*t = 6*t - 69066. Suppose -5*m - 490 = -d, 0 = 53*d - 48*d + 2*m - t. What are the prime factors of d?
2, 3, 5, 17
Suppose 910 - 2270 = 10*h. Let n = 276 - 85. Let y = h + n. What are the prime factors of y?
5, 11
Let h = 9 - 16. Let f(u) = 12*u**2 - 6. Let a be f(h). Suppose t - 168 = 2*o, 4*t - 90 - a = 5*o. List the prime factors of t.
2, 3, 7
Suppose f + 3757 = 14*f. Let x = 422 - f. Let w = x + 128. What are the prime factors of w?
3, 29
Let x = 3916 + 7147. What are the prime factors of x?
13, 23, 37
Let v = 16329 + -8979. What are the prime factors of v?
2, 3, 5, 7
Suppose 5*i - 49846 = -2*x, 4*x = 43*i - 41*i + 99740. List the prime factors of x.
3, 8311
Suppose 629*y + 308532 = 643*y. List the prime factors of y.
2, 3, 3673
Let j(o) be the second derivative of 17*o**4/12 + 5*o**3/6 + 7*o**2/2 + 114*o. What are the prime factors of j(-2)?
5, 13
Suppose -26*p + 99817 = -1772569 + 113902. List the prime factors of p.
2, 7, 4831
Suppose 5*s - 14387 = -o, o + 1405 = -4*s + 15786. What are the prime factors 